{"id":481,"date":"2017-09-27T16:49:24","date_gmt":"2017-09-27T14:49:24","guid":{"rendered":"http:\/\/cacis-asso.net\/?page_id=481"},"modified":"2023-02-14T11:29:30","modified_gmt":"2023-02-14T10:29:30","slug":"lanneau","status":"publish","type":"page","link":"https:\/\/cacis-asso.net\/index.php\/lanneau\/","title":{"rendered":"L&rsquo;Anneau"},"content":{"rendered":"<h1><span style=\"color: #d9117c;\">L&rsquo;anneau<\/span><\/h1>\n<p>L&rsquo;<strong>anneau vaginal<\/strong> se pr\u00e9sente sous la forme d\u2019un anneau souple, qu\u2019on ins\u00e8re au fond du vagin comme un tampon. <strong>Il est en plastique poreux qui contient une association d&rsquo;hormones.<\/strong> A la chaleur du corps, les hormones diffusent \u00e0 travers la paroi vaginale et passent dans le sang.<\/p>\n<h2><span style=\"color: #d9117c;\">Comment l\u2019utiliser ?<\/span><\/h2>\n<p>Commencer le premier jour des r\u00e8gles.<br \/>\n<strong>1 anneau pendant 3 semaines.<\/strong><br \/>\n<strong> La 4\u00e8me semaine, on n\u2019en met pas. <\/strong>Des r\u00e8gles apparaissent mais on sera toujours prot\u00e9g\u00e9e, comme avec une pilule \u00e0 21 comprim\u00e9s !<br \/>\nEnsuite, on prend une nouvelle boite et on recommence.<\/p>\n<p>Tu peux l&rsquo;enlever au maximum 3 heures par jour, alors attention \u00e0 ne pas oublier de le remettre !<\/p>\n<h2><span style=\"color: #d9117c;\">O\u00f9 se le procurer ?<\/span><\/h2>\n<p>&#8211;\u00a0D\u00e9livr\u00e9 gratuitement aux mineures, par un m\u00e9decin ou une sage-femme dans un <a href=\"https:\/\/www.gironde.fr\/sante-sexualite\/mieux-vivre-sa-sexualite#centres-sante-sexuelle\" target=\"_blank\" rel=\"noopener\">centre de sant\u00e9 sexuelle<\/a> comme le\u00a0C.A.C.I.S.<br \/>\n&#8211; A acheter dans une pharmacie sur ordonnance d&rsquo;un m\u00e9decin ou d&rsquo;une sage-femme.\u00a0Attention,\u00a0l&rsquo;anneau n&rsquo;est pas rembours\u00e9 !<\/p>\n","protected":false},"excerpt":{"rendered":"<p>L&rsquo;anneau L&rsquo;anneau vaginal se pr\u00e9sente sous la forme d\u2019un anneau souple, qu\u2019on ins\u00e8re au fond du vagin comme un tampon. Il est en plastique poreux qui contient une association d&rsquo;hormones. A la chaleur du corps, les hormones diffusent \u00e0 travers la paroi vaginale et passent dans le sang. Comment l\u2019utiliser ? Commencer le premier jour &hellip; <\/p>\n<p class=\"link-more\"><a href=\"https:\/\/cacis-asso.net\/index.php\/lanneau\/\" class=\"more-link\">Continuer la lecture<span class=\"screen-reader-text\"> de &laquo;&nbsp;L&rsquo;Anneau&nbsp;&raquo;<\/span><\/a><\/p>\n","protected":false},"author":1,"featured_media":926,"parent":0,"menu_order":1,"comment_status":"closed","ping_status":"closed","template":"","meta":{"footnotes":""},"class_list":["post-481","page","type-page","status-publish","has-post-thumbnail","hentry"],"jetpack_sharing_enabled":true,"_links":{"self":[{"href":"https:\/\/cacis-asso.net\/index.php\/wp-json\/wp\/v2\/pages\/481","targetHints":{"allow":["GET"]}}],"collection":[{"href":"https:\/\/cacis-asso.net\/index.php\/wp-json\/wp\/v2\/pages"}],"about":[{"href":"https:\/\/cacis-asso.net\/index.php\/wp-json\/wp\/v2\/types\/page"}],"author":[{"embeddable":true,"href":"https:\/\/cacis-asso.net\/index.php\/wp-json\/wp\/v2\/users\/1"}],"replies":[{"embeddable":true,"href":"https:\/\/cacis-asso.net\/index.php\/wp-json\/wp\/v2\/comments?post=481"}],"version-history":[{"count":15,"href":"https:\/\/cacis-asso.net\/index.php\/wp-json\/wp\/v2\/pages\/481\/revisions"}],"predecessor-version":[{"id":1383,"href":"https:\/\/cacis-asso.net\/index.php\/wp-json\/wp\/v2\/pages\/481\/revisions\/1383"}],"wp:featuredmedia":[{"embeddable":true,"href":"https:\/\/cacis-asso.net\/index.php\/wp-json\/wp\/v2\/media\/926"}],"wp:attachment":[{"href":"https:\/\/cacis-asso.net\/index.php\/wp-json\/wp\/v2\/media?parent=481"}],"curies":[{"name":"wp","href":"https:\/\/api.w.org\/{rel}","templated":true}]}}