{"id":478,"date":"2017-09-27T16:43:50","date_gmt":"2017-09-27T14:43:50","guid":{"rendered":"http:\/\/cacis-asso.net\/?page_id=478"},"modified":"2023-07-17T15:25:05","modified_gmt":"2023-07-17T13:25:05","slug":"lamour","status":"publish","type":"page","link":"https:\/\/cacis-asso.net\/index.php\/lamour\/","title":{"rendered":"L&rsquo;Amour"},"content":{"rendered":"<h1><span style=\"color: #99cc00;\">L&rsquo;amour<\/span><\/h1>\n<p><strong>Les relations amoureuses c\u2019est pas toujours facile\u00a0!<\/strong><br \/>\nOn se pose tellement de questions\u00a0: est-ce que je lui plais\u00a0? Comment lui parler\u00a0?<br \/>\nPour se rencontrer, il faut d\u00e9j\u00e0 surmonter sa timidit\u00e9, et ne<span style=\"color: #ff0000;\">\u00a0<\/span>pas avoir peur de se planter\u00a0!<br \/>\nEt la cl\u00e9, c\u2019est de se respecter\u2026<\/p>\n<p>S\u2019aimer un peu, beaucoup, \u00e0 la folie\u2026<br \/>\nPour un jour ou pour la vie,<br \/>\nCe qui compte, c\u2019est d\u2019en avoir envie\u2026<\/p>\n<p>En effet, en avoir envie, \u00eatre d&rsquo;accord \u00e7a veut dire qu&rsquo;on est consentant\u00b7e. Tu as d\u00e9j\u00e0 entendu parler de <strong>consentement\u00a0<\/strong>? Regarde cette vid\u00e9o, tu vas vite comprendre !<\/p>\n<figure class=\"wp-block-embed wp-block-embed-youtube is-type-video is-provider-youtube epyt-figure\"><div class=\"wp-block-embed__wrapper\"><iframe loading=\"lazy\"  id=\"_ytid_27441\"  width=\"525\" height=\"295\"  data-origwidth=\"525\" data-origheight=\"295\" src=\"https:\/\/www.youtube.com\/embed\/S-50iVx_yxU?enablejsapi=1&autoplay=0&cc_load_policy=0&cc_lang_pref=&iv_load_policy=1&loop=0&rel=1&fs=1&playsinline=0&autohide=2&theme=dark&color=red&controls=1&disablekb=0&\" class=\"__youtube_prefs__  no-lazyload\" title=\"YouTube player\"  allow=\"fullscreen; accelerometer; autoplay; clipboard-write; encrypted-media; gyroscope; picture-in-picture; web-share\" referrerpolicy=\"strict-origin-when-cross-origin\" allowfullscreen data-no-lazy=\"1\" data-skipgform_ajax_framebjll=\"\"><\/iframe><\/div><\/figure>\n<p><strong>Pour r\u00e9pondre \u00e0 tes questions concernant l&rsquo;amour, n&rsquo;h\u00e9site pas \u00e0 contacter le C.A.C.I.S. !<\/strong><\/p>\n","protected":false},"excerpt":{"rendered":"<p>L&rsquo;amour Les relations amoureuses c\u2019est pas toujours facile\u00a0! On se pose tellement de questions\u00a0: est-ce que je lui plais\u00a0? Comment lui parler\u00a0? Pour se rencontrer, il faut d\u00e9j\u00e0 surmonter sa timidit\u00e9, et ne\u00a0pas avoir peur de se planter\u00a0! Et la cl\u00e9, c\u2019est de se respecter\u2026 S\u2019aimer un peu, beaucoup, \u00e0 la folie\u2026 Pour un jour &hellip; <\/p>\n<p class=\"link-more\"><a href=\"https:\/\/cacis-asso.net\/index.php\/lamour\/\" class=\"more-link\">Continuer la lecture<span class=\"screen-reader-text\"> de &laquo;&nbsp;L&rsquo;Amour&nbsp;&raquo;<\/span><\/a><\/p>\n","protected":false},"author":1,"featured_media":954,"parent":0,"menu_order":0,"comment_status":"closed","ping_status":"closed","template":"","meta":{"footnotes":""},"class_list":["post-478","page","type-page","status-publish","has-post-thumbnail","hentry"],"jetpack_sharing_enabled":true,"_links":{"self":[{"href":"https:\/\/cacis-asso.net\/index.php\/wp-json\/wp\/v2\/pages\/478","targetHints":{"allow":["GET"]}}],"collection":[{"href":"https:\/\/cacis-asso.net\/index.php\/wp-json\/wp\/v2\/pages"}],"about":[{"href":"https:\/\/cacis-asso.net\/index.php\/wp-json\/wp\/v2\/types\/page"}],"author":[{"embeddable":true,"href":"https:\/\/cacis-asso.net\/index.php\/wp-json\/wp\/v2\/users\/1"}],"replies":[{"embeddable":true,"href":"https:\/\/cacis-asso.net\/index.php\/wp-json\/wp\/v2\/comments?post=478"}],"version-history":[{"count":11,"href":"https:\/\/cacis-asso.net\/index.php\/wp-json\/wp\/v2\/pages\/478\/revisions"}],"predecessor-version":[{"id":1471,"href":"https:\/\/cacis-asso.net\/index.php\/wp-json\/wp\/v2\/pages\/478\/revisions\/1471"}],"wp:featuredmedia":[{"embeddable":true,"href":"https:\/\/cacis-asso.net\/index.php\/wp-json\/wp\/v2\/media\/954"}],"wp:attachment":[{"href":"https:\/\/cacis-asso.net\/index.php\/wp-json\/wp\/v2\/media?parent=478"}],"curies":[{"name":"wp","href":"https:\/\/api.w.org\/{rel}","templated":true}]}}