{"id":476,"date":"2017-09-27T16:43:18","date_gmt":"2017-09-27T14:43:18","guid":{"rendered":"http:\/\/cacis-asso.net\/?page_id=476"},"modified":"2023-07-11T15:10:59","modified_gmt":"2023-07-11T13:10:59","slug":"lamitie","status":"publish","type":"page","link":"https:\/\/cacis-asso.net\/index.php\/lamitie\/","title":{"rendered":"L&rsquo;Amiti\u00e9"},"content":{"rendered":"<h1><span style=\"color: #99cc00;\">L&rsquo;amiti\u00e9<\/span><\/h1>\n<p>L\u2019adolescence c\u2019est l\u2019\u00e2ge du bouleversement. On\u00a0a envie de rester seul\u00b7e, de cultiver son \u00ab<strong>\u00a0<\/strong>jardin secret\u00a0\u00bb, mais on a aussi <strong>envie de voir ses ami\u00b7e\u00b7s, d\u2019\u00eatre ensemble tr\u00e8s souvent<\/strong>,\u00a0ce passage entre l\u2019enfance et l\u2019\u00e2ge adulte est une grande travers\u00e9e\u2026<\/p>\n<p>Parfois c\u2019est agr\u00e9able d\u2019avoir une personne pr\u00e8s de soi pour partager des confidences, se faire confiance, parler d\u2019intimit\u00e9 et partager des secrets\u2026<br \/>\nOn a envie de se ressembler, de s\u2019habiller de la m\u00eame fa\u00e7on, d\u2019\u00e9couter la m\u00eame musique\u2026<\/p>\n<p>On aimerait que cet\u00b7te ami\u00b7e soit toujours l\u00e0, m\u00eame dans les moments difficiles.<br \/>\nAvoir des ami\u00b7e\u00b7s ou imaginer ses ami\u00b7e\u00b7s, que ce soit\u00a0 pour un jour ou pour longtemps, l\u2019important c\u2019est d\u2019\u00eatre bien dans sa vie !<\/p>\n<p><strong>Pour r\u00e9pondre \u00e0 tes questions concernant l&rsquo;amiti\u00e9, n&rsquo;h\u00e9site pas \u00e0 contacter le C.A.C.I.S. !<\/strong><\/p>\n","protected":false},"excerpt":{"rendered":"<p>L&rsquo;amiti\u00e9 L\u2019adolescence c\u2019est l\u2019\u00e2ge du bouleversement. On\u00a0a envie de rester seul\u00b7e, de cultiver son \u00ab\u00a0jardin secret\u00a0\u00bb, mais on a aussi envie de voir ses ami\u00b7e\u00b7s, d\u2019\u00eatre ensemble tr\u00e8s souvent,\u00a0ce passage entre l\u2019enfance et l\u2019\u00e2ge adulte est une grande travers\u00e9e\u2026 Parfois c\u2019est agr\u00e9able d\u2019avoir une personne pr\u00e8s de soi pour partager des confidences, se faire confiance, &hellip; <\/p>\n<p class=\"link-more\"><a href=\"https:\/\/cacis-asso.net\/index.php\/lamitie\/\" class=\"more-link\">Continuer la lecture<span class=\"screen-reader-text\"> de &laquo;&nbsp;L&rsquo;Amiti\u00e9&nbsp;&raquo;<\/span><\/a><\/p>\n","protected":false},"author":1,"featured_media":960,"parent":0,"menu_order":0,"comment_status":"closed","ping_status":"closed","template":"","meta":{"footnotes":""},"class_list":["post-476","page","type-page","status-publish","has-post-thumbnail","hentry"],"jetpack_sharing_enabled":true,"_links":{"self":[{"href":"https:\/\/cacis-asso.net\/index.php\/wp-json\/wp\/v2\/pages\/476","targetHints":{"allow":["GET"]}}],"collection":[{"href":"https:\/\/cacis-asso.net\/index.php\/wp-json\/wp\/v2\/pages"}],"about":[{"href":"https:\/\/cacis-asso.net\/index.php\/wp-json\/wp\/v2\/types\/page"}],"author":[{"embeddable":true,"href":"https:\/\/cacis-asso.net\/index.php\/wp-json\/wp\/v2\/users\/1"}],"replies":[{"embeddable":true,"href":"https:\/\/cacis-asso.net\/index.php\/wp-json\/wp\/v2\/comments?post=476"}],"version-history":[{"count":8,"href":"https:\/\/cacis-asso.net\/index.php\/wp-json\/wp\/v2\/pages\/476\/revisions"}],"predecessor-version":[{"id":1431,"href":"https:\/\/cacis-asso.net\/index.php\/wp-json\/wp\/v2\/pages\/476\/revisions\/1431"}],"wp:featuredmedia":[{"embeddable":true,"href":"https:\/\/cacis-asso.net\/index.php\/wp-json\/wp\/v2\/media\/960"}],"wp:attachment":[{"href":"https:\/\/cacis-asso.net\/index.php\/wp-json\/wp\/v2\/media?parent=476"}],"curies":[{"name":"wp","href":"https:\/\/api.w.org\/{rel}","templated":true}]}}