{"id":443,"date":"2017-09-25T17:33:54","date_gmt":"2017-09-25T15:33:54","guid":{"rendered":"http:\/\/cacis-asso.net\/?page_id=443"},"modified":"2023-07-13T14:15:29","modified_gmt":"2023-07-13T12:15:29","slug":"la-foire-aux-questions","status":"publish","type":"page","link":"https:\/\/cacis-asso.net\/index.php\/la-foire-aux-questions\/","title":{"rendered":"FAQ"},"content":{"rendered":"<h1><span style=\"color: #99cc00;\">F<\/span><span style=\"color: #ffcc00;\"><span style=\"color: #ed0581;\">o<\/span>i<\/span><span style=\"color: #c408c4;\">r<\/span><span style=\"color: #07b3b3;\">e<\/span> <span style=\"color: #99cc00;\">a<\/span><span style=\"color: #ffcc00;\"><span style=\"color: #ed0581;\">u<\/span>x<\/span> <span style=\"color: #c408c4;\">q<\/span><span style=\"color: #07b3b3;\">u<\/span><span style=\"color: #99cc00;\">e<\/span><span style=\"color: #ffcc00;\"><span style=\"color: #ed0581;\">s<\/span>t<\/span><span style=\"color: #c408c4;\">i<\/span><span style=\"color: #07b3b3;\">o<\/span><span style=\"color: #99cc00;\">n<\/span><span style=\"color: #ed0581;\">s<\/span><\/h1>\n<h2><span style=\"color: #99cc00;\">A qui peut-on s\u2019adresser quand on habite loin d\u2019un centre comme le v\u00f4tre, qu\u2019on a que 15 ans et qu\u2019on a peur d\u2019\u00eatre enceinte\u00a0? (je ne peux pas en parler \u00e0 mes parents)<\/span><\/h2>\n<p>Dans ce cas il est toujours possible de s\u2019adresser \u00e0<strong> un adulte<\/strong> en qui on a confiance mais aussi \u00e0<strong> l\u2019infirmi\u00e8re scolaire<\/strong> qui doit garder le secret.<\/p>\n<h2><span style=\"color: #ed0581;\">Est-ce que les filles se masturbent aussi\u00a0? Si oui, pourquoi elles ne le disent pas\u00a0?<\/span><\/h2>\n<p><strong>Oui<\/strong>, elles peuvent se masturber si elles en ont envie.<br \/>\nSi elles ne le disent pas, c\u2019est peut-\u00eatre par pudeur et qu\u2019elles trouvent que c\u2019est un sujet trop intime. Il se peut aussi quelles aient peur d\u2019\u00eatre mal jug\u00e9es.<b> Pourtant, il n&rsquo;y a rien de mal \u00e0 se masturber. Il n&rsquo;y a pas non plus d&rsquo;injonction \u00e0 le faire,\u00a0<\/b><span style=\"font-weight: 600;\">chacun\u00b7e fait comme il\u00b7elle veut !<\/span><\/p>\n<h2><span style=\"color: #ffcc00;\">Apr\u00e8s la premi\u00e8re fois faut-il obligatoirement aller voir un gyn\u00e9cologue\u00a0?<\/span><\/h2>\n<p><strong>Non, ce n\u2019est pas obligatoire<\/strong>. Cependant, on peut aller en rencontrer un\u00b7e pour avoir des conseils ou des r\u00e9ponses \u00e0 des questions.<\/p>\n<h2><span style=\"color: #c408c4;\">Quel est l\u2019\u00e2ge moyen du premier rapport\u00a0?<\/span><\/h2>\n<p>En France, selon les statistiques, on a son premier rapport, en moyenne, vers <strong>17 ans.<\/strong> Cela signifie que certains ont des rapports \u00e0 14 ans, \u00e0 17 ans, d\u2019autres \u00e0 20 ans ou plus tard&#8230;<\/p>\n<h2><span style=\"color: #07b3b3;\">Est-ce qu\u2019on est oblig\u00e9s de faire l\u2019amour\u00a0?<\/span><\/h2>\n<p><strong>Non<\/strong>, il faut en avoir envie et que cette envie soit partag\u00e9e.\u00a0 Autrement dit personne ne peut obliger quiconque \u00e0 avoir des rapports sexuels.<\/p>\n<h2><span style=\"color: #99cc00;\">J\u2019ai entendu dire que la pilule faisait grossir. Est-ce vrai\u00a0?<\/span><\/h2>\n<p>Les nouvelles pilules, dans la plupart des cas, <strong>ne font pas grossir<\/strong>. Si c\u2019est le cas, la prise de poids est minime. Et si la pilule prescrite ne convient pas, il ne faut pas h\u00e9siter \u00e0 consulter de nouveau.<\/p>\n<h2><span style=\"color: #ed0581;\">Est-ce que les films pornographiques refl\u00e8tent la r\u00e9alit\u00e9\u00a0?<\/span><\/h2>\n<p><strong>Non<\/strong>, ils ne sont qu\u2019une mise en sc\u00e8ne de relations, limit\u00e9es \u00e0 des actes sexuels. Ils ne refl\u00e8tent donc pas la r\u00e9alit\u00e9.<br \/>\nD\u2019autre part, ces rapports sont souvent violents et humiliants, ce qui dans la r\u00e9alit\u00e9 est inacceptable pour la plupart des personnes.<br \/>\nUn rappel : Il n&rsquo;y a pas de mal \u00e0 regarder de la pornographie, mais il faut \u00eatre conscient de ce que l&rsquo;on regarde pour que \u00e7a ne nuise pas \u00e0 sa future sexualit\u00e9, c&rsquo;est pourquoi ces films sont interdits aux moins de 18 ans.<\/p>\n<h2><span style=\"color: #ffcc00;\">Que faire si un adulte, proche de la famille par exemple, force un enfant ou un adolescent \u00e0 l\u2019embrasser ou \u00e0 avoir des rapports sexuels avec lui\u00a0?<\/span><\/h2>\n<p>Aucun adulte, quel qu\u2019il soit, n\u2019a le droit d\u2019obliger un enfant ou un adolescent \u00e0 l\u2019embrasser, le toucher ou \u00e0 avoir des rapports sexuels. <strong>C\u2019est une agression sexuelle<\/strong><strong style=\"font-size: 1rem;\">, donc un acte grave puni par la loi, qualifi\u00e9 d&rsquo;atteinte sexuelle ou de viol.<br \/>\n<\/strong><span style=\"font-size: 1rem;\">Et de toutes fa\u00e7ons, avant ses 15 ans (\u00ab\u00a0majorit\u00e9 sexuelle\u00a0\u00bb), <\/span><strong style=\"font-size: 1rem;\">un enfant n&rsquo;est pas jug\u00e9 consentant<\/strong><span style=\"font-size: 1rem;\">, c&rsquo;est \u00e0 dire qu&rsquo;on consid\u00e8re qu&rsquo;il ne peut pas \u00eatre d&rsquo;accord.<br \/>\n<\/span><span style=\"font-size: 1rem;\">Il est important d\u2019en parler m\u00eame si cet adulte nous interdit de le dire par des menaces.<br \/>\n<\/span><span style=\"font-size: 1rem;\">Il est possible de <\/span><strong style=\"font-size: 1rem;\">se confier \u00e0 un adulte<\/strong><span style=\"font-size: 1rem;\"> en qui on a confiance (de la famille, de l\u2019\u00e9cole, du coll\u00e8ge\u2026). Il pourra t\u2019aider et te prot\u00e9ger.<br \/>\n<\/span><span style=\"font-size: 1rem;\">Il existe aussi un N\u00b0gratuit et anonyme pour en parler\u00a0: le 119.<\/span><\/p>\n<h2><span style=\"color: #c408c4;\">Doit-on tout accepter par amour ou par amiti\u00e9 ?<\/span><\/h2>\n<p>Dans une relation amicale comme amoureuse, on a souvent envie de faire plaisir \u00e0 l&rsquo;autre, on ne veut pas le d\u00e9cevoir. Seulement, si ce que l&rsquo;autre nous demande, ou ce qu&rsquo;il attend de nous ne nous convient pas, que l&rsquo;on a pas envie pour quelque raison que ce soit, il ne faut pas se forcer. On peut lui parler pour lui expliquer. L&rsquo;autre doit respecter nos envies, nos d\u00e9sirs, nos peurs, nos appr\u00e9hensions, etc. <strong>Le respect et la communication c&rsquo;est essentiel dans une relation !<\/strong><\/p>\n<p>Et aussi, nous avons r\u00e9pondu aux derni\u00e8res questions des \u00e9l\u00e8ves de seconde du lyc\u00e9e Condorcet \u00e0 Bordeaux, regardez !<br \/>\n<em><strong><figure class=\"wp-block-embed wp-block-embed-youtube is-type-video is-provider-youtube epyt-figure\"><div class=\"wp-block-embed__wrapper\"><iframe loading=\"lazy\"  id=\"_ytid_28518\"  width=\"525\" height=\"295\"  data-origwidth=\"525\" data-origheight=\"295\" src=\"https:\/\/www.youtube.com\/embed\/mKgx4me0VI0?enablejsapi=1&autoplay=0&cc_load_policy=0&cc_lang_pref=&iv_load_policy=1&loop=0&rel=1&fs=1&playsinline=0&autohide=2&theme=dark&color=red&controls=1&disablekb=0&\" class=\"__youtube_prefs__  no-lazyload\" title=\"YouTube player\"  allow=\"fullscreen; accelerometer; autoplay; clipboard-write; encrypted-media; gyroscope; picture-in-picture; web-share\" referrerpolicy=\"strict-origin-when-cross-origin\" allowfullscreen data-no-lazy=\"1\" data-skipgform_ajax_framebjll=\"\"><\/iframe><\/div><\/figure><\/strong><\/em><\/p>\n<p style=\"text-align: center;\"><span style=\"color: #000000;\"><strong>Si tu as d&rsquo;autres questions<\/strong>,\u00a0<\/span><span style=\"font-size: 1rem; color: #000000;\">n&rsquo;h\u00e9site pas \u00e0 nous\u00a0<\/span>contacter\u00a0<span style=\"font-size: 1rem; color: #000000;\">!<\/span><\/p>\n<p style=\"text-align: center;\"><span style=\"color: #000000; font-size: 1rem;\">Tu peux aussi te rendre sur le site <\/span><a style=\"font-size: 1rem;\" href=\"http:\/\/www.onsexprime.fr\/\" target=\"_blank\" rel=\"noopener\">Onsexprime.<\/a>\u00a0<span style=\"color: #000000;\">Il est super bien fait et tu y trouveras s\u00fbrement les r\u00e9ponses \u00e0 tes questions.<\/span><br \/>\n<a href=\"http:\/\/www.onsexprime.fr\/\"><span style=\"color: #000000;\"><img loading=\"lazy\" decoding=\"async\" class=\"aligncenter wp-image-484 size-medium\" src=\"http:\/\/cacis-asso.net\/wp-content\/uploads\/2017\/09\/onsexprime-300x111.jpg\" alt=\"\" width=\"300\" height=\"111\" srcset=\"https:\/\/cacis-asso.net\/wp-content\/uploads\/2017\/09\/onsexprime-300x111.jpg 300w, https:\/\/cacis-asso.net\/wp-content\/uploads\/2017\/09\/onsexprime-768x284.jpg 768w, https:\/\/cacis-asso.net\/wp-content\/uploads\/2017\/09\/onsexprime.jpg 851w\" sizes=\"auto, (max-width: 300px) 100vw, 300px\" \/><\/span><\/a><\/p>\n","protected":false},"excerpt":{"rendered":"<p>Foire aux questions A qui peut-on s\u2019adresser quand on habite loin d\u2019un centre comme le v\u00f4tre, qu\u2019on a que 15 ans et qu\u2019on a peur d\u2019\u00eatre enceinte\u00a0? (je ne peux pas en parler \u00e0 mes parents) Dans ce cas il est toujours possible de s\u2019adresser \u00e0 un adulte en qui on a confiance mais aussi &hellip; <\/p>\n<p class=\"link-more\"><a href=\"https:\/\/cacis-asso.net\/index.php\/la-foire-aux-questions\/\" class=\"more-link\">Continuer la lecture<span class=\"screen-reader-text\"> de &laquo;&nbsp;FAQ&nbsp;&raquo;<\/span><\/a><\/p>\n","protected":false},"author":1,"featured_media":933,"parent":0,"menu_order":0,"comment_status":"closed","ping_status":"closed","template":"","meta":{"footnotes":""},"class_list":["post-443","page","type-page","status-publish","has-post-thumbnail","hentry"],"jetpack_sharing_enabled":true,"_links":{"self":[{"href":"https:\/\/cacis-asso.net\/index.php\/wp-json\/wp\/v2\/pages\/443","targetHints":{"allow":["GET"]}}],"collection":[{"href":"https:\/\/cacis-asso.net\/index.php\/wp-json\/wp\/v2\/pages"}],"about":[{"href":"https:\/\/cacis-asso.net\/index.php\/wp-json\/wp\/v2\/types\/page"}],"author":[{"embeddable":true,"href":"https:\/\/cacis-asso.net\/index.php\/wp-json\/wp\/v2\/users\/1"}],"replies":[{"embeddable":true,"href":"https:\/\/cacis-asso.net\/index.php\/wp-json\/wp\/v2\/comments?post=443"}],"version-history":[{"count":27,"href":"https:\/\/cacis-asso.net\/index.php\/wp-json\/wp\/v2\/pages\/443\/revisions"}],"predecessor-version":[{"id":1463,"href":"https:\/\/cacis-asso.net\/index.php\/wp-json\/wp\/v2\/pages\/443\/revisions\/1463"}],"wp:featuredmedia":[{"embeddable":true,"href":"https:\/\/cacis-asso.net\/index.php\/wp-json\/wp\/v2\/media\/933"}],"wp:attachment":[{"href":"https:\/\/cacis-asso.net\/index.php\/wp-json\/wp\/v2\/media?parent=443"}],"curies":[{"name":"wp","href":"https:\/\/api.w.org\/{rel}","templated":true}]}}